{"id":24,"date":"2023-06-07T03:18:18","date_gmt":"2023-06-07T03:18:18","guid":{"rendered":"https:\/\/ouik-aliments.com\/?post_type=product&#038;p=24"},"modified":"2025-10-21T02:39:53","modified_gmt":"2025-10-21T02:39:53","slug":"harina-de-garbanzo","status":"publish","type":"product","link":"https:\/\/ouik-aliments.com\/index.php\/product\/harina-de-garbanzo\/","title":{"rendered":"Harina de garbanzo"},"content":{"rendered":"<ul>\n<li><strong>HARINA DE GARBANZO<\/strong><\/li>\n<\/ul>\n<p>El garbanzo es una legumbre altamente valorada por sus propiedades nutricionales excepcionales y su capacidad para satisfacer las necesidades de una variedad de personas. Los garbanzos son una fuente significativa de hidratos de carbono de absorci\u00f3n lenta que se liberan gradualmente en el cuerpo, lo que evita picos de glucemia y proporciona una fuente constante de energ\u00eda.<\/p>\n<p>Adem\u00e1s, los garbanzos son una excelente fuente de fibra diet\u00e9tica y contienen muy poca grasa saturada. Son ricos en una variedad de minerales esenciales, incluyendo f\u00f3sforo, hierro y magnesio, y tambi\u00e9n son una excelente fuente de<\/p>\n<p>vitaminas B1, B6 y \u00e1cido f\u00f3lico. En resumen, los garbanzos son una opci\u00f3n alimenticia altamente nutritiva y beneficiosa para el cuerpo<\/p>\n","protected":false},"excerpt":{"rendered":"<p>HARINA DE GARBANZO El garbanzo es una legumbre altamente valorada por sus propiedades nutricionales excepcionales y su capacidad para satisfacer las necesidades de una variedad de personas. Los garbanzos son<\/p>\n","protected":false},"featured_media":26,"comment_status":"open","ping_status":"closed","template":"","meta":[],"product_cat":[23],"product_tag":[],"class_list":["post-24","product","type-product","status-publish","has-post-thumbnail","hentry","product_cat-harina-de-garbanzo"],"acf":[],"_links":{"self":[{"href":"https:\/\/ouik-aliments.com\/index.php\/wp-json\/wp\/v2\/product\/24","targetHints":{"allow":["GET"]}}],"collection":[{"href":"https:\/\/ouik-aliments.com\/index.php\/wp-json\/wp\/v2\/product"}],"about":[{"href":"https:\/\/ouik-aliments.com\/index.php\/wp-json\/wp\/v2\/types\/product"}],"replies":[{"embeddable":true,"href":"https:\/\/ouik-aliments.com\/index.php\/wp-json\/wp\/v2\/comments?post=24"}],"wp:featuredmedia":[{"embeddable":true,"href":"https:\/\/ouik-aliments.com\/index.php\/wp-json\/wp\/v2\/media\/26"}],"wp:attachment":[{"href":"https:\/\/ouik-aliments.com\/index.php\/wp-json\/wp\/v2\/media?parent=24"}],"wp:term":[{"taxonomy":"product_cat","embeddable":true,"href":"https:\/\/ouik-aliments.com\/index.php\/wp-json\/wp\/v2\/product_cat?post=24"},{"taxonomy":"product_tag","embeddable":true,"href":"https:\/\/ouik-aliments.com\/index.php\/wp-json\/wp\/v2\/product_tag?post=24"}],"curies":[{"name":"wp","href":"https:\/\/api.w.org\/{rel}","templated":true}]}}