{"id":21,"date":"2023-06-07T03:11:12","date_gmt":"2023-06-07T03:11:12","guid":{"rendered":"https:\/\/ouik-aliments.com\/?post_type=product&#038;p=21"},"modified":"2025-10-21T02:53:02","modified_gmt":"2025-10-21T02:53:02","slug":"harina-de-avena","status":"publish","type":"product","link":"https:\/\/ouik-aliments.com\/index.php\/product\/harina-de-avena\/","title":{"rendered":"Harina de Avena"},"content":{"rendered":"<ul>\n<li><strong>HARINA DE AVENA<\/strong><\/li>\n<\/ul>\n<p>Actualmente su consumo se ha incrementado a partir del reconocimiento popular de sus bondades como cereal; al contener hidratos de carbono, fibra, prote\u00edna, vitaminas del grupo B y minerales, le convierten en una harina muy saludable para consumo dom\u00e9stico y familiar. Se distingue por su favorable digestibilidad y menor valor cal\u00f3rico que la harina de trigo; tambi\u00e9n facilita el procesamiento intestinal.<\/p>\n<p>&nbsp;<\/p>\n<p>La diferentes y favorables propiedades contenidas en la avena, han contribuido a que sea considerado como producto alimentario altamente beneficioso y protector de la salud. Algunos estudios dan cuenta de su eficacia en el control de la diabetes y de ayuda en la prevenci\u00f3n del c\u00e1ncer.<\/p>\n<p>&nbsp;<\/p>\n<p><strong>Beneficios de consumir Avena<\/strong><\/p>\n<ul>\n<li>Puede ayudar en la p\u00e9rdida de peso<\/li>\n<li>Ayuda en el control del az\u00facar en la sangre<\/li>\n<li>Ayuda a controlar el colesterol<\/li>\n<li>Rica en antioxidantes<\/li>\n<li>Aporta mucha energ\u00eda<\/li>\n<li>Es prebi\u00f3tica<\/li>\n<li>Es buena para la digesti\u00f3n<\/li>\n<\/ul>\n","protected":false},"excerpt":{"rendered":"<p>HARINA DE AVENA Actualmente su consumo se ha incrementado a partir del reconocimiento popular de sus bondades como cereal; al contener hidratos de carbono, fibra, prote\u00edna, vitaminas del grupo B<\/p>\n","protected":false},"featured_media":22,"comment_status":"open","ping_status":"closed","template":"","meta":[],"product_cat":[20],"product_tag":[],"class_list":["post-21","product","type-product","status-publish","has-post-thumbnail","hentry","product_cat-harina-de-avena"],"acf":[],"_links":{"self":[{"href":"https:\/\/ouik-aliments.com\/index.php\/wp-json\/wp\/v2\/product\/21","targetHints":{"allow":["GET"]}}],"collection":[{"href":"https:\/\/ouik-aliments.com\/index.php\/wp-json\/wp\/v2\/product"}],"about":[{"href":"https:\/\/ouik-aliments.com\/index.php\/wp-json\/wp\/v2\/types\/product"}],"replies":[{"embeddable":true,"href":"https:\/\/ouik-aliments.com\/index.php\/wp-json\/wp\/v2\/comments?post=21"}],"wp:featuredmedia":[{"embeddable":true,"href":"https:\/\/ouik-aliments.com\/index.php\/wp-json\/wp\/v2\/media\/22"}],"wp:attachment":[{"href":"https:\/\/ouik-aliments.com\/index.php\/wp-json\/wp\/v2\/media?parent=21"}],"wp:term":[{"taxonomy":"product_cat","embeddable":true,"href":"https:\/\/ouik-aliments.com\/index.php\/wp-json\/wp\/v2\/product_cat?post=21"},{"taxonomy":"product_tag","embeddable":true,"href":"https:\/\/ouik-aliments.com\/index.php\/wp-json\/wp\/v2\/product_tag?post=21"}],"curies":[{"name":"wp","href":"https:\/\/api.w.org\/{rel}","templated":true}]}}